{"id":477,"date":"2019-08-14T08:18:16","date_gmt":"2019-08-14T08:18:16","guid":{"rendered":"https:\/\/fornellahof.com\/la-majun\/"},"modified":"2024-05-18T16:51:18","modified_gmt":"2024-05-18T14:51:18","slug":"la-majun","status":"publish","type":"page","link":"https:\/\/www.fornellahof.com\/it\/","title":{"rendered":"La Majun"},"content":{"rendered":"<div class=\"wp-block-image pusteblumehome\">\n<figure class=\"aligncenter is-resized\"><img loading=\"lazy\" decoding=\"async\" width=\"180\" height=\"180\" src=\"https:\/\/www.fornellahof.com\/wp-content\/uploads\/fornellahof-la-majun-apple-touch-icon.png\" alt=\"Fornellahof | La Majun\" class=\"wp-image-7\" style=\"width:90px;height:90px\" srcset=\"https:\/\/www.fornellahof.com\/wp-content\/uploads\/fornellahof-la-majun-apple-touch-icon.png 180w, https:\/\/www.fornellahof.com\/wp-content\/uploads\/fornellahof-la-majun-apple-touch-icon-146x146.png 146w, https:\/\/www.fornellahof.com\/wp-content\/uploads\/fornellahof-la-majun-apple-touch-icon-50x50.png 50w, https:\/\/www.fornellahof.com\/wp-content\/uploads\/fornellahof-la-majun-apple-touch-icon-75x75.png 75w, https:\/\/www.fornellahof.com\/wp-content\/uploads\/fornellahof-la-majun-apple-touch-icon-85x85.png 85w, https:\/\/www.fornellahof.com\/wp-content\/uploads\/fornellahof-la-majun-apple-touch-icon-80x80.png 80w\" sizes=\"(max-width:767px) 180px, 180px\" \/><\/figure><\/div>\n\n\n<h1 class=\"wp-block-heading\">A casa, in mezzo al fieno<\/h1>\n\n\n\n<h2 class=\"wp-block-heading homeh2\">Vacanze in montagna a tutta natura<\/h2>\n\n\n\n<hr class=\"wp-block-separator has-css-opacity linieh2\"\/>\n\n\n\n<p class=\"homep\"><strong>Naturali come un fienile, confortevoli come un hotel: i nuovi appartamenti La Majun vi aspettano in Alto Adige per una vacanza diversa dal solito. <\/strong><\/p>\n\n\n\n<p>Una posizione veramente da sogno: <strong>dolci colline<\/strong>, <strong>fitte distese di boschi<\/strong> e le <strong>vette frastagliate<\/strong> delle Dolomiti. \u00c8 tutto cos\u00ec bello da sembrare dipinto, o preso da un libro di fiabe. Ma il paesino di Antermoia-Passo delle Erbe \u00e8 quanto di pi\u00f9 autentico si possa trovare in Alto Adige, lontano dalle pi\u00f9 affollate mete turistiche eppure vicino a tutte le attrazioni principali\u2026 un villaggio a 1.500 metri di quota in cui ricaricarsi in mezzo alla natura. \u00c8 in questo contesto idilliaco, a 1.650 metri, che sorgono il <a href=\"https:\/\/www.fornellahof.com\/it\/maso\/\">Fornellahof e La Majun<\/a>: un tradizionale maso altoatesino con <a href=\"https:\/\/www.fornellahof.com\/it\/appartamenti\/\">moderni appartamenti<\/a> vacanze ricavati in un fienile. La loro particolarit\u00e0? Il profumo di erbe alpine che emana dalle pareti costruite con vero fieno di montagna. <strong>Respirate a pieni polmoni!<\/strong> La natura ci regala tutto ci\u00f2 di cui abbiamo bisogno per essere felici. E il Sass de Putia, maestoso, veglia su di noi all\u2019orizzonte. <\/p>\n\n\n\n<figure class=\"wp-block-image size-full is-resized\"><a href=\"https:\/\/wa.me\/393331468654 \"><img decoding=\"async\" src=\"https:\/\/www.fornellahof.com\/wp-content\/uploads\/icons8-whatsapp-100-2.png\" alt=\"\" class=\"wp-image-1951\" style=\"width:73px;height:auto\"\/><\/a><\/figure>\n\n\n\n<div class=\"wp-block-button buttonaufweiss\"><a class=\"wp-block-button__link has-text-color has-background wp-element-button\" href=\"https:\/\/www.fornellahof.com\/it\/appartamenti\/\" style=\"color:#d7ad70;background-color:#ffffff\">I nostri appartamenti<\/a><\/div>\n\n\n\n<figure class=\"wp-block-image size-large is-resized img_e_station\"><img loading=\"lazy\" decoding=\"async\" width=\"338\" height=\"338\" src=\"https:\/\/www.fornellahof.com\/wp-content\/uploads\/e-charge-it.svg\" alt=\"\" class=\"wp-image-1525\" style=\"width:100px;height:100px\"\/><\/figure>\n","protected":false},"excerpt":{"rendered":"<p>A casa, in mezzo al fieno Vacanze in montagna a tutta natura Naturali come un fienile, confortevoli come un hotel: i nuovi appartamenti La Majun vi<span class=\"excerpt-hellip\"> [\u2026]<\/span><\/p>\n","protected":false},"author":1,"featured_media":0,"parent":0,"menu_order":0,"comment_status":"closed","ping_status":"open","template":"","meta":{"footnotes":""},"yoast_head":"<!-- This site is optimized with the Yoast SEO plugin v22.4 - https:\/\/yoast.com\/wordpress\/plugins\/seo\/ -->\n<title>Vacanze in mezzo al fieno in un maso dell\u2019Alto Adige<\/title>\n<meta name=\"description\" content=\"Il maso Fornellahof, sul passo delle Erbe, vi offre una vacanza in agriturismo molto speciale, con appartamenti moderni e accoglienti ricavati in un autentico fienile\u2026 Scoprite La Majun!\" \/>\n<meta name=\"robots\" content=\"index, follow, max-snippet:-1, max-image-preview:large, max-video-preview:-1\" \/>\n<link rel=\"canonical\" href=\"https:\/\/www.fornellahof.com\/it\/\" \/>\n<meta property=\"og:locale\" content=\"it_IT\" \/>\n<meta property=\"og:type\" content=\"article\" \/>\n<meta property=\"og:title\" content=\"Vacanze in mezzo al fieno in un maso dell\u2019Alto Adige\" \/>\n<meta property=\"og:description\" content=\"Il maso Fornellahof, sul passo delle Erbe, vi offre una vacanza in agriturismo molto speciale, con appartamenti moderni e accoglienti ricavati in un autentico fienile\u2026 Scoprite La Majun!\" \/>\n<meta property=\"og:url\" content=\"https:\/\/www.fornellahof.com\/it\/\" \/>\n<meta property=\"og:site_name\" content=\"La Majun - Fornellahof\" \/>\n<meta property=\"article:modified_time\" content=\"2024-05-18T14:51:18+00:00\" \/>\n<meta property=\"og:image\" content=\"https:\/\/www.fornellahof.com\/wp-content\/uploads\/fornellahof-la-majun-apple-touch-icon.png\" \/>\n<meta name=\"twitter:card\" content=\"summary_large_image\" \/>\n<meta name=\"twitter:label1\" content=\"Tempo di lettura stimato\" \/>\n\t<meta name=\"twitter:data1\" content=\"2 minuti\" \/>\n<script type=\"application\/ld+json\" class=\"yoast-schema-graph\">{\"@context\":\"https:\/\/schema.org\",\"@graph\":[{\"@type\":\"WebPage\",\"@id\":\"https:\/\/www.fornellahof.com\/it\/\",\"url\":\"https:\/\/www.fornellahof.com\/it\/\",\"name\":\"Vacanze in mezzo al fieno in un maso dell\u2019Alto Adige\",\"isPartOf\":{\"@id\":\"https:\/\/www.fornellahof.com\/#website\"},\"primaryImageOfPage\":{\"@id\":\"https:\/\/www.fornellahof.com\/it\/#primaryimage\"},\"image\":{\"@id\":\"https:\/\/www.fornellahof.com\/it\/#primaryimage\"},\"thumbnailUrl\":\"https:\/\/www.fornellahof.com\/wp-content\/uploads\/fornellahof-la-majun-apple-touch-icon.png\",\"datePublished\":\"2019-08-14T08:18:16+00:00\",\"dateModified\":\"2024-05-18T14:51:18+00:00\",\"description\":\"Il maso Fornellahof, sul passo delle Erbe, vi offre una vacanza in agriturismo molto speciale, con appartamenti moderni e accoglienti ricavati in un autentico fienile\u2026 Scoprite La Majun!\",\"breadcrumb\":{\"@id\":\"https:\/\/www.fornellahof.com\/it\/#breadcrumb\"},\"inLanguage\":\"it-IT\",\"potentialAction\":[{\"@type\":\"ReadAction\",\"target\":[\"https:\/\/www.fornellahof.com\/it\/\"]}]},{\"@type\":\"ImageObject\",\"inLanguage\":\"it-IT\",\"@id\":\"https:\/\/www.fornellahof.com\/it\/#primaryimage\",\"url\":\"https:\/\/www.fornellahof.com\/wp-content\/uploads\/fornellahof-la-majun-apple-touch-icon.png\",\"contentUrl\":\"https:\/\/www.fornellahof.com\/wp-content\/uploads\/fornellahof-la-majun-apple-touch-icon.png\"},{\"@type\":\"BreadcrumbList\",\"@id\":\"https:\/\/www.fornellahof.com\/it\/#breadcrumb\",\"itemListElement\":[{\"@type\":\"ListItem\",\"position\":1,\"name\":\"Startseite\",\"item\":\"https:\/\/www.fornellahof.com\/it\/\"},{\"@type\":\"ListItem\",\"position\":2,\"name\":\"La Majun\"}]},{\"@type\":\"WebSite\",\"@id\":\"https:\/\/www.fornellahof.com\/#website\",\"url\":\"https:\/\/www.fornellahof.com\/\",\"name\":\"La Majun - Fornellahof\",\"description\":\"Fornellahof - Urlaub auf dem Bauernhof im La Majun\",\"potentialAction\":[{\"@type\":\"SearchAction\",\"target\":{\"@type\":\"EntryPoint\",\"urlTemplate\":\"https:\/\/www.fornellahof.com\/?s={search_term_string}\"},\"query-input\":\"required name=search_term_string\"}],\"inLanguage\":\"it-IT\"}]}<\/script>\n<!-- \/ Yoast SEO plugin. -->","yoast_head_json":{"title":"Vacanze in mezzo al fieno in un maso dell\u2019Alto Adige","description":"Il maso Fornellahof, sul passo delle Erbe, vi offre una vacanza in agriturismo molto speciale, con appartamenti moderni e accoglienti ricavati in un autentico fienile\u2026 Scoprite La Majun!","robots":{"index":"index","follow":"follow","max-snippet":"max-snippet:-1","max-image-preview":"max-image-preview:large","max-video-preview":"max-video-preview:-1"},"canonical":"https:\/\/www.fornellahof.com\/it\/","og_locale":"it_IT","og_type":"article","og_title":"Vacanze in mezzo al fieno in un maso dell\u2019Alto Adige","og_description":"Il maso Fornellahof, sul passo delle Erbe, vi offre una vacanza in agriturismo molto speciale, con appartamenti moderni e accoglienti ricavati in un autentico fienile\u2026 Scoprite La Majun!","og_url":"https:\/\/www.fornellahof.com\/it\/","og_site_name":"La Majun - Fornellahof","article_modified_time":"2024-05-18T14:51:18+00:00","og_image":[{"url":"https:\/\/www.fornellahof.com\/wp-content\/uploads\/fornellahof-la-majun-apple-touch-icon.png"}],"twitter_card":"summary_large_image","twitter_misc":{"Tempo di lettura stimato":"2 minuti"},"schema":{"@context":"https:\/\/schema.org","@graph":[{"@type":"WebPage","@id":"https:\/\/www.fornellahof.com\/it\/","url":"https:\/\/www.fornellahof.com\/it\/","name":"Vacanze in mezzo al fieno in un maso dell\u2019Alto Adige","isPartOf":{"@id":"https:\/\/www.fornellahof.com\/#website"},"primaryImageOfPage":{"@id":"https:\/\/www.fornellahof.com\/it\/#primaryimage"},"image":{"@id":"https:\/\/www.fornellahof.com\/it\/#primaryimage"},"thumbnailUrl":"https:\/\/www.fornellahof.com\/wp-content\/uploads\/fornellahof-la-majun-apple-touch-icon.png","datePublished":"2019-08-14T08:18:16+00:00","dateModified":"2024-05-18T14:51:18+00:00","description":"Il maso Fornellahof, sul passo delle Erbe, vi offre una vacanza in agriturismo molto speciale, con appartamenti moderni e accoglienti ricavati in un autentico fienile\u2026 Scoprite La Majun!","breadcrumb":{"@id":"https:\/\/www.fornellahof.com\/it\/#breadcrumb"},"inLanguage":"it-IT","potentialAction":[{"@type":"ReadAction","target":["https:\/\/www.fornellahof.com\/it\/"]}]},{"@type":"ImageObject","inLanguage":"it-IT","@id":"https:\/\/www.fornellahof.com\/it\/#primaryimage","url":"https:\/\/www.fornellahof.com\/wp-content\/uploads\/fornellahof-la-majun-apple-touch-icon.png","contentUrl":"https:\/\/www.fornellahof.com\/wp-content\/uploads\/fornellahof-la-majun-apple-touch-icon.png"},{"@type":"BreadcrumbList","@id":"https:\/\/www.fornellahof.com\/it\/#breadcrumb","itemListElement":[{"@type":"ListItem","position":1,"name":"Startseite","item":"https:\/\/www.fornellahof.com\/it\/"},{"@type":"ListItem","position":2,"name":"La Majun"}]},{"@type":"WebSite","@id":"https:\/\/www.fornellahof.com\/#website","url":"https:\/\/www.fornellahof.com\/","name":"La Majun - Fornellahof","description":"Fornellahof - Urlaub auf dem Bauernhof im La Majun","potentialAction":[{"@type":"SearchAction","target":{"@type":"EntryPoint","urlTemplate":"https:\/\/www.fornellahof.com\/?s={search_term_string}"},"query-input":"required name=search_term_string"}],"inLanguage":"it-IT"}]}},"_links":{"self":[{"href":"https:\/\/www.fornellahof.com\/it\/wp-json\/wp\/v2\/pages\/477"}],"collection":[{"href":"https:\/\/www.fornellahof.com\/it\/wp-json\/wp\/v2\/pages"}],"about":[{"href":"https:\/\/www.fornellahof.com\/it\/wp-json\/wp\/v2\/types\/page"}],"author":[{"embeddable":true,"href":"https:\/\/www.fornellahof.com\/it\/wp-json\/wp\/v2\/users\/1"}],"replies":[{"embeddable":true,"href":"https:\/\/www.fornellahof.com\/it\/wp-json\/wp\/v2\/comments?post=477"}],"version-history":[{"count":13,"href":"https:\/\/www.fornellahof.com\/it\/wp-json\/wp\/v2\/pages\/477\/revisions"}],"predecessor-version":[{"id":1973,"href":"https:\/\/www.fornellahof.com\/it\/wp-json\/wp\/v2\/pages\/477\/revisions\/1973"}],"wp:attachment":[{"href":"https:\/\/www.fornellahof.com\/it\/wp-json\/wp\/v2\/media?parent=477"}],"curies":[{"name":"wp","href":"https:\/\/api.w.org\/{rel}","templated":true}]}}

<div class="wp-block-image pusteblumehome">
<figure class="aligncenter is-resized"><img loading="lazy" decoding="async" width="180" height="180" src="https://www.fornellahof.com/wp-content/uploads/fornellahof-la-majun-apple-touch-icon.png" alt="Fornellahof | La Majun" class="wp-image-7" style="width:90px;height:90px" srcset="https://www.fornellahof.com/wp-content/uploads/fornellahof-la-majun-apple-touch-icon.png 180w, https://www.fornellahof.com/wp-content/uploads/fornellahof-la-majun-apple-touch-icon-146x146.png 146w, https://www.fornellahof.com/wp-content/uploads/fornellahof-la-majun-apple-touch-icon-50x50.png 50w, https://www.fornellahof.com/wp-content/uploads/fornellahof-la-majun-apple-touch-icon-75x75.png 75w, https://www.fornellahof.com/wp-content/uploads/fornellahof-la-majun-apple-touch-icon-85x85.png 85w, https://www.fornellahof.com/wp-content/uploads/fornellahof-la-majun-apple-touch-icon-80x80.png 80w" sizes="(max-width:767px) 180px, 180px" /></figure></div>


<h1 class="wp-block-heading">A casa, in mezzo al fieno</h1>



<h2 class="wp-block-heading homeh2">Vacanze in montagna a tutta natura</h2>



<hr class="wp-block-separator has-css-opacity linieh2"/>



<p class="homep"><strong>Naturali come un fienile, confortevoli come un hotel: i nuovi appartamenti La Majun vi aspettano in Alto Adige per una vacanza diversa dal solito. </strong></p>



<p>Una posizione veramente da sogno: <strong>dolci colline</strong>, <strong>fitte distese di boschi</strong> e le <strong>vette frastagliate</strong> delle Dolomiti. È tutto così bello da sembrare dipinto, o preso da un libro di fiabe. Ma il paesino di Antermoia-Passo delle Erbe è quanto di più autentico si possa trovare in Alto Adige, lontano dalle più affollate mete turistiche eppure vicino a tutte le attrazioni principali… un villaggio a 1.500 metri di quota in cui ricaricarsi in mezzo alla natura. È in questo contesto idilliaco, a 1.650 metri, che sorgono il <a href="https://www.fornellahof.com/it/maso/">Fornellahof e La Majun</a>: un tradizionale maso altoatesino con <a href="https://www.fornellahof.com/it/appartamenti/">moderni appartamenti</a> vacanze ricavati in un fienile. La loro particolarità? Il profumo di erbe alpine che emana dalle pareti costruite con vero fieno di montagna. <strong>Respirate a pieni polmoni!</strong> La natura ci regala tutto ciò di cui abbiamo bisogno per essere felici. E il Sass de Putia, maestoso, veglia su di noi all’orizzonte. </p>



<figure class="wp-block-image size-full is-resized"><a href="https://wa.me/393331468654 "><img decoding="async" src="https://www.fornellahof.com/wp-content/uploads/icons8-whatsapp-100-2.png" alt="" class="wp-image-1951" style="width:73px;height:auto"/></a></figure>



<div class="wp-block-button buttonaufweiss"><a class="wp-block-button__link has-text-color has-background wp-element-button" href="https://www.fornellahof.com/it/appartamenti/" style="color:#d7ad70;background-color:#ffffff">I nostri appartamenti</a></div>



<figure class="wp-block-image size-large is-resized img_e_station"><img loading="lazy" decoding="async" width="338" height="338" src="https://www.fornellahof.com/wp-content/uploads/e-charge-it.svg" alt="" class="wp-image-1525" style="width:100px;height:100px"/></figure>
